{"id":676,"date":"2021-03-25T17:06:28","date_gmt":"2021-03-25T20:06:28","guid":{"rendered":"https:\/\/www.servidores.ufscar.br\/glauber\/?page_id=676"},"modified":"2024-05-22T20:57:27","modified_gmt":"2024-05-22T23:57:27","slug":"musica-sacra","status":"publish","type":"page","link":"https:\/\/www.servidores.ufscar.br\/glauber\/musica-sacra\/","title":{"rendered":"\u00a06-M\u00fasica Sacra"},"content":{"rendered":"\t\t<div data-elementor-type=\"wp-page\" data-elementor-id=\"676\" class=\"elementor elementor-676\" data-elementor-settings=\"[]\">\n\t\t\t\t\t\t<div class=\"elementor-inner\">\n\t\t\t\t\t\t\t<div class=\"elementor-section-wrap\">\n\t\t\t\t\t\t\t<section class=\"elementor-section elementor-top-section elementor-element elementor-element-dfe86e0 elementor-section-boxed elementor-section-height-default elementor-section-height-default\" data-id=\"dfe86e0\" data-element_type=\"section\">\n\t\t\t\t\t\t<div class=\"elementor-container elementor-column-gap-default\">\n\t\t\t\t\t\t\t<div class=\"elementor-row\">\n\t\t\t\t\t<div class=\"elementor-column elementor-col-100 elementor-top-column elementor-element elementor-element-68c9384\" data-id=\"68c9384\" data-element_type=\"column\">\n\t\t\t<div class=\"elementor-column-wrap elementor-element-populated\">\n\t\t\t\t\t\t\t<div class=\"elementor-widget-wrap\">\n\t\t\t\t\t\t<div class=\"elementor-element elementor-element-8fc20b8 elementor-widget elementor-widget-heading\" data-id=\"8fc20b8\" data-element_type=\"widget\" data-widget_type=\"heading.default\">\n\t\t\t\t<div class=\"elementor-widget-container\">\n\t\t\t<h2 class=\"elementor-heading-title elementor-size-default\">6-M\u00fasica Sacra<\/h2>\t\t<\/div>\n\t\t\t\t<\/div>\n\t\t\t\t\t\t<\/div>\n\t\t\t\t\t<\/div>\n\t\t<\/div>\n\t\t\t\t\t\t\t\t<\/div>\n\t\t\t\t\t<\/div>\n\t\t<\/section>\n\t\t\t\t<section class=\"elementor-section elementor-top-section elementor-element elementor-element-4d6fc4b elementor-section-boxed elementor-section-height-default elementor-section-height-default\" data-id=\"4d6fc4b\" data-element_type=\"section\">\n\t\t\t\t\t\t<div class=\"elementor-container elementor-column-gap-default\">\n\t\t\t\t\t\t\t<div class=\"elementor-row\">\n\t\t\t\t\t<div class=\"elementor-column elementor-col-100 elementor-top-column elementor-element elementor-element-d02a89b\" data-id=\"d02a89b\" data-element_type=\"column\">\n\t\t\t<div class=\"elementor-column-wrap elementor-element-populated\">\n\t\t\t\t\t\t\t<div class=\"elementor-widget-wrap\">\n\t\t\t\t\t\t<div class=\"elementor-element elementor-element-a29268c elementor-widget elementor-widget-text-editor\" data-id=\"a29268c\" data-element_type=\"widget\" data-widget_type=\"text-editor.default\">\n\t\t\t\t<div class=\"elementor-widget-container\">\n\t\t\t\t\t\t\t\t<div class=\"elementor-text-editor elementor-clearfix\">\n\t\t\t\t\t<h2>6.1 Orquestra\u00e7\u00e3o do hin\u00e1rio Novo C\u00e2ntico<\/h2><div><strong><span style=\"font-size: medium;\">Hin\u00e1rio Presbiteriano Novo c\u00e2ntico<\/span><\/strong><\/div><div><span style=\"font-size: medium;\">Igreja Presbiteriana Filad\u00e9lfia de S\u00e3o Carlos &#8211; SP<\/span><\/div><div><span style=\"font-size: medium;\">Edi\u00e7\u00e3o: Glauber Santiago 2017<\/span><\/div><div>Inclui:<\/div><div>-Partes para &#8220;todos&#8221; os instrumentos de orquestra (exceto Trompa F e percuss\u00e3o)<\/div><div>-Partes completas com pequenas adi\u00e7\u00f5es aos arranjos originais<\/div><div>-Marca\u00e7\u00f5es para indica\u00e7\u00e3o de introdu\u00e7\u00e3o e interl\u00fadio<\/div><div>-Sugest\u00e3o de instrumenta\u00e7\u00e3o para cada repeti\u00e7\u00e3o dos hinos.<\/div><div>Baixe cada vers\u00e3o do hin\u00e1rio em PDF, conforme o instrumento:<\/div><ul><li>Flauta 1-3 (Utilizar S, C e T de <a href=\"https:\/\/www.servidores.ufscar.br\/glauber\/wp-content\/uploads\/2021\/04\/NC-Flautas.pdf\">NC Flautas<\/a>)<\/li><li>Flauta doce (Utilizar <a href=\"https:\/\/www.servidores.ufscar.br\/glauber\/wp-content\/uploads\/2021\/04\/NC-Flauta-doce-e-oboe.pdf\">NC Flauta doce e obo\u00e9<\/a>)<\/li><li>Obo\u00e9 (Utilizar <a href=\"https:\/\/www.servidores.ufscar.br\/glauber\/wp-content\/uploads\/2021\/04\/NC-Flauta-doce-e-oboe.pdf\">NC Flauta doce e obo\u00e9<\/a>)<\/li><li>Corne ingl\u00eas (Utilizar\u00a0<a href=\"https:\/\/www.servidores.ufscar.br\/glauber\/nc-corne-ingles-e-trompa-f\/\" target=\"_blank\" rel=\"attachment noopener wp-att-5711\">NC Corne ingles e Trompa F<\/a>)<\/li><li>Fagote 1-2 (Utilizar T e B de <a href=\"https:\/\/www.servidores.ufscar.br\/glauber\/wp-content\/uploads\/2021\/04\/NC-em-Do.pdf\">NC em D\u00f3<\/a>)<\/li><li>Clarineta 1-3 (Utilizar <a href=\"https:\/\/www.servidores.ufscar.br\/glauber\/wp-content\/uploads\/2021\/04\/NC-Clarineta-Bb-regiao-aguda.pdf\">NC Clarineta Bb regi\u00e3o aguda<\/a> e\/ou <a href=\"https:\/\/www.servidores.ufscar.br\/glauber\/wp-content\/uploads\/2021\/04\/NC-em-Bb.pdf\">NC em Bb<\/a>)<\/li><li>Clarone Bb (Utilizar <a href=\"https:\/\/www.servidores.ufscar.br\/glauber\/wp-content\/uploads\/2021\/04\/NC-em-Bb.pdf\">NC em Bb<\/a>)<\/li><li>Saxofone alto 1-3 (Utilizar S, C e T de <a href=\"https:\/\/www.servidores.ufscar.br\/glauber\/wp-content\/uploads\/2021\/04\/NC-Sax-alto.pdf\">NC Sax alto<\/a>)<\/li><li>Saxofone tenor 1-2 (Utilizar S ou T e B de <a href=\"https:\/\/www.servidores.ufscar.br\/glauber\/wp-content\/uploads\/2021\/04\/NC-Sax-tenor.pdf\">NC Sax tenor<\/a>)<\/li><li>Trompete C 1-2 (Utilizar S e C de <a href=\"https:\/\/www.servidores.ufscar.br\/glauber\/wp-content\/uploads\/2021\/04\/NC-em-Do.pdf\">NC em D\u00f3<\/a>)<\/li><li>Trompete Bb 1-3 (Utilizar S, C e T de <a href=\"https:\/\/www.servidores.ufscar.br\/glauber\/wp-content\/uploads\/2021\/04\/NC-em-Bb.pdf\">NC em Bb<\/a>)<\/li><li>Trompa F (Utilizar <a href=\"https:\/\/www.servidores.ufscar.br\/glauber\/nc-corne-ingles-e-trompa-f\/\" target=\"_blank\" rel=\"attachment noopener wp-att-5711\">NC Corne ingles e Trompa F<\/a>)<\/li><li>Trombone 1-2 (Utilizar T e B de <a href=\"https:\/\/www.servidores.ufscar.br\/glauber\/wp-content\/uploads\/2021\/04\/NC-em-Do.pdf\">NC em D\u00f3<\/a>)<\/li><li>Tuba (N\u00e3o consta, mas pode se utilizar B de <a href=\"https:\/\/www.servidores.ufscar.br\/glauber\/wp-content\/uploads\/2021\/04\/NC-em-Do.pdf\">NC em D\u00f3<\/a>, oitava abaixo)<\/li><li>\u00d3rg\u00e3o e Piano (Utilizar <a href=\"https:\/\/www.servidores.ufscar.br\/glauber\/wp-content\/uploads\/2021\/04\/NC-Teclados.pdf\">NC Teclados<\/a>)<\/li><li>Violino 1 e 2 (Utilizar S e C de <a href=\"https:\/\/www.servidores.ufscar.br\/glauber\/wp-content\/uploads\/2021\/04\/NC-Violinos.pdf\">NC Violinos<\/a>)<\/li><li>Viola (Utilizar C ou T de <a href=\"https:\/\/www.servidores.ufscar.br\/glauber\/wp-content\/uploads\/2021\/04\/NC-Viola.pdf\">NC Viola<\/a>)<\/li><li>Violoncelo 1 e 2 (Utilizar T e B de <a href=\"https:\/\/www.servidores.ufscar.br\/glauber\/wp-content\/uploads\/2021\/04\/NC-em-Do.pdf\">NC em D\u00f3<\/a>)<\/li><li>Contrabaixo (Utilizar <a href=\"https:\/\/www.servidores.ufscar.br\/glauber\/wp-content\/uploads\/2021\/04\/NC-Contrabaixo.pdf\">NC Contrabaixo<\/a>)<\/li><\/ul><p>Baixe aqui todos os arquivos em formato aberto do <em>software<\/em> Finale 2011:<\/p><p><a href=\"https:\/\/www.servidores.ufscar.br\/glauber\/wp-content\/uploads\/2021\/04\/Orquestracao-Novo-Cantico-Glauber-Formato-Finale.zip\">Orquestra\u00e7\u00e3o Novo C\u00e2ntico Glauber Formato Finale<\/a><\/p>\t\t\t\t\t<\/div>\n\t\t\t\t\t\t<\/div>\n\t\t\t\t<\/div>\n\t\t\t\t\t\t<\/div>\n\t\t\t\t\t<\/div>\n\t\t<\/div>\n\t\t\t\t\t\t\t\t<\/div>\n\t\t\t\t\t<\/div>\n\t\t<\/section>\n\t\t\t\t\t\t<\/div>\n\t\t\t\t\t\t<\/div>\n\t\t\t\t\t<\/div>\n\t\t","protected":false},"excerpt":{"rendered":"<p>6-M\u00fasica Sacra 6.1 Orquestra\u00e7\u00e3o do hin\u00e1rio Novo C\u00e2ntico Hin\u00e1rio Presbiteriano Novo c\u00e2nticoIgreja Presbiteriana Filad\u00e9lfia de S\u00e3o Carlos &#8211; SPEdi\u00e7\u00e3o: Glauber Santiago 2017Inclui:-Partes para &#8220;todos&#8221; os instrumentos de orquestra (exceto Trompa F e percuss\u00e3o)-Partes completas com pequenas adi\u00e7\u00f5es aos arranjos originais-Marca\u00e7\u00f5es para indica\u00e7\u00e3o de introdu\u00e7\u00e3o e interl\u00fadio-Sugest\u00e3o de instrumenta\u00e7\u00e3o para cada repeti\u00e7\u00e3o dos hinos.Baixe cada vers\u00e3o &hellip;<\/p>\n<p class=\"read-more\"> <a class=\"\" href=\"https:\/\/www.servidores.ufscar.br\/glauber\/musica-sacra\/\"> <span class=\"screen-reader-text\">\u00a06-M\u00fasica Sacra<\/span> Leia mais &raquo;<\/a><\/p>\n","protected":false},"author":1,"featured_media":0,"parent":0,"menu_order":0,"comment_status":"closed","ping_status":"closed","template":"elementor_header_footer","meta":[],"_links":{"self":[{"href":"https:\/\/www.servidores.ufscar.br\/glauber\/wp-json\/wp\/v2\/pages\/676"}],"collection":[{"href":"https:\/\/www.servidores.ufscar.br\/glauber\/wp-json\/wp\/v2\/pages"}],"about":[{"href":"https:\/\/www.servidores.ufscar.br\/glauber\/wp-json\/wp\/v2\/types\/page"}],"author":[{"embeddable":true,"href":"https:\/\/www.servidores.ufscar.br\/glauber\/wp-json\/wp\/v2\/users\/1"}],"replies":[{"embeddable":true,"href":"https:\/\/www.servidores.ufscar.br\/glauber\/wp-json\/wp\/v2\/comments?post=676"}],"version-history":[{"count":48,"href":"https:\/\/www.servidores.ufscar.br\/glauber\/wp-json\/wp\/v2\/pages\/676\/revisions"}],"predecessor-version":[{"id":5790,"href":"https:\/\/www.servidores.ufscar.br\/glauber\/wp-json\/wp\/v2\/pages\/676\/revisions\/5790"}],"wp:attachment":[{"href":"https:\/\/www.servidores.ufscar.br\/glauber\/wp-json\/wp\/v2\/media?parent=676"}],"curies":[{"name":"wp","href":"https:\/\/api.w.org\/{rel}","templated":true}]}}